 common factor of 300 and f.
60
Suppose 0*u + 7*u - 14 = 0. Let h = 16 + u. Calculate the highest common factor of 6 and h.
6
Let b = -1028 - -1150. What is the highest common factor of 61 and b?
61
Let m = 143 - 106. Let d(p) = 12*p**2 + 3*p + 5. Let t be d(-4). Calculate the greatest common divisor of t and m.
37
Suppose 5 = 3*p - 1. Let h be (3*2)/(11 - 9). Let w be h*(-3)/(9/(-3)). What is the highest common divisor of w and p?
1
Suppose -5*g + 8 = -2*p - 1, -p = -3*g + 6. Let z = 21 + -12. What is the highest common factor of g and z?
3
Let c be 5*7 - (-4)/4. Suppose -244 = -5*t + 156. Let p = t - 26. Calculate the greatest common divisor of c and p.
18
Suppose -f - 3*f = f. Suppose f*k = -5*k + 480. Suppose 6*o = 3*o + 36. Calculate the greatest common factor of o and k.
12
Let f be 14/224 + (-11133)/(-48). What is the greatest common divisor of f and 64?
8
Let o(c) = 64*c + 70. Let k be o(-1). Calculate the highest common divisor of k and 58.
2
Let j(t) = -1 - 5*t + 3*t**2 - t**3 - 14*t**2 - 10. Let b be j(-11). Calculate the highest common divisor of 4 and b.
4
Let t(u) = u**2 - 15*u - 24. Let b be t(-7). Suppose 0*q - 3*q = -174. Suppose 4*l + 6 - q = 0. What is the highest common divisor of b and l?
13
Suppose 5*o + 0 = 5. Let v be o/(36/33 - 1). Suppose 385 + 616 = 13*q. Calculate the greatest common factor of v and q.
11
Let d(m) = -4*m - 3*m - 4 - 5*m + 4*m. Let i be d(-2). What is the greatest common factor of 60 and i?
12
Let a(g) = -g**3 - 8*g**2 - 22*g - 159. Let f be a(-9). Suppose 2*l = 5*l - 120. Calculate the greatest common divisor of f and l.
40
Let l be 1001/78 + (-1)/(-6). Let u = l + -5. Calculate the greatest common divisor of u and 20.
4
Let p be (-4)/(4/10*5) + -13. Let v be (-1 - 33/21)/(p/70). What is the greatest common divisor of v and 36?
12
Let d be 5*5/25 - -47. What is the greatest common factor of 168 and d?
24
Let v be (5/3)/(1/6). Let g be (0 - 4/30) + 130/(-150). Let u be (-31)/3*-3 - (-1)/g. What is the highest common divisor of u and v?
10
Let a(w) = 5*w**3 - 13*w**2 + 13*w - 8. Let d be a(5). What is the greatest common divisor of d and 17?
17
Let m be (-2)/(0 + (-4 - (-60)/18)). Calculate the greatest common divisor of m and 240.
3
Let c = 366 - 556. Let x = c + 275. Calculate the greatest common factor of 34 and x.
17
Suppose 49 = r + f, 5*r - 229 = -f - 0*f. Suppose 2*z + z - r = 0. Let u be 165/4 - z/(-20). What is the highest common factor of 7 and u?
7
Let k = 15 - 9. Let v(n) = n**3 - n**2 - 3*n + 18. Let h be v(0). What is the greatest common factor of h and k?
6
Let f = -39 - -29. Let v be (-6)/3*175/f. What is the highest common factor of v and 7?
7
Let m be -2*(156/(-8) - 1). Let z be (-10)/10 + (-2 - -3)*m. Calculate the highest common factor of 360 and z.
40
Let d(c) = c**3 + 18*c**2 - 24*c - 11. Let b be d(-19). What is the highest common divisor of 56 and b?
28
Let s be 303 - 17 - (-5)/((-15)/(-6)). What is the highest common divisor of 64 and s?
32
Let a(d) = -d**3 + 23*d**2 + 13*d - 44. Let g be a(23). Let k be (-10)/(-3)*(-7)/((-35)/g). Calculate the greatest common divisor of k and 34.
34
Let f be (36/7)/((-70)/(-245)). What is the highest common divisor of f and 63?
9
Suppose -p - 5*l - 10 = 0, 5*p - 34 = 2*l - 3. Suppose 13 + 12 = p*v, -3*v - 9 = -k. What is the greatest common factor of 144 and k?
24
Let n be -2 - (-28)/(2 + 2). Suppose n*i - 5*g = 500, 3*i - 6*i - g = -300. What is the highest common divisor of i and 10?
10
Let o be 106 + (-4 - 2 - -4). Calculate the highest common factor of 52 and o.
52
Let l be 20/30*27/6. Suppose 0*d + d - l*h - 21 = 0, -2*h = 10. Calculate the highest common factor of d and 24.
6
Let u = 37 - 31. Let p be (-1 + -5)*(-32)/u. What is the greatest common factor of p and 4?
4
Suppose 25*k = 4876 - 976. What is the highest common factor of 364 and k?
52
Let m be 11*(1/(-3))/((-21)/189). Calculate the highest common divisor of m and 1023.
33
Let q(t) = -3*t - 1635. Let k be q(0). Let f be -4*k/20 - (-2 - 1). Calculate the highest common factor of 66 and f.
66
Let z be 3/21 + 836/28. Suppose -27 + 5 = -3*o + 2*d, 2*o - 3*d - 18 = 0. Calculate the highest common factor of o and z.
6
Let a = 402 - 306. Suppose 0 = -2*n - 11 + 59. What is the greatest common factor of n and a?
24
Let i(c) = -c + 11. Let m be i(-8). Suppose -126 = -4*b - d, -199 + 67 = -4*b - 4*d. Let q = b - m. Calculate the greatest common factor of q and 3.
3
Suppose -4*s = -2*f - 12, -3*s - 13 = -4*s + 3*f. Let p be (1 + 0)/1 - s. Let a(k) = -k + 20. Let u be a(p). Calculate the highest common factor of 8 and u.
4
Suppose 313 = -23*p + 1808. Calculate the highest common divisor of p and 26.
13
Let b = 94 + -93. Let l = -21 - -9. Let x be (4/l)/(b/(-57)). What is the greatest common divisor of x and 38?
19
Let g be -2 + 2 + (2 - -3). Suppose -g*k + 12 = -28. What is the greatest common factor of 16 and k?
8
Let r be 6 + (1 - 2)*0. Suppose -8*q + 3*q - 35 = -2*d, 0 = -4*q + 4*d - 16. Let o be (q/r)/((-1)/6). Calculate the highest common factor of 3 and o.
3
Let w(u) = u**3 - 5*u**2 - 6*u + 6. Let j be w(6). Let r = 27636 - 27582. Calculate the greatest common factor of j and r.
6
Suppose 2*n + 28 = b, -2*b + 3*n + 2*n + 57 = 0. What is the greatest common divisor of b and 13?
13
Let g be (6 - (4 - 0))/(3/6). What is the greatest common divisor of g and 32?
4
Let q(a) be the second derivative of -6*a**5/5 + a**4/12 - a**3/3 - a**2 + 8*a. Let r be q(-1). Calculate the highest common factor of r and 10.
5
Let h = 25 + -20. Suppose -2*n + 6 = -h*n, -3*c + 367 = -2*n. What is the highest common factor of c and 11?
11
Let t be (-2 - (-6)/4)*-20. Suppose t*u = -0 + 70. Let s be -27*(1 - 2) - -1. Calculate the highest common divisor of s and u.
7
Let t(d) = -2*d + 19. Let m be t(7). Suppose -m*i + 5*r + 260 = 0, -3*r + 5*r + 160 = 3*i. What is the greatest common divisor of 16 and i?
8
Let i = -725 + 761. Calculate the greatest common divisor of 162 and i.
18
Suppose b - 5 = 0, -z - 3*b - 321 = 3*z. Let o = 240 + z. Calculate the highest common factor of o and 26.
26
Let a(w) = -104*w - 43. Let b be a(-2). What is the highest common divisor of b and 45?
15
Suppose -114 = 89*y - 90*y. What is the highest common divisor of y and 76?
38
Suppose 2*y = 9 - 3. Let s be (36/y)/(3/2). Let z = -87 + 151. What is the greatest common divisor of s and z?
8
Let t(j) = 1 + 2*j + 3 + 2. Suppose -2*s - 8 + 20 = 0. Let n be t(s). Calculate the highest common factor of 6 and n.
6
Let l = -281 + 372. What is the highest common factor of 221 and l?
13
Suppose -u + 115 = 2*z - 14, -u = -3. Suppose -3*s = -44 - 22. Let r = s - 13. What is the highest common factor of r and z?
9
Let u = 971 + -567. Let g = u + -250. Calculate the highest common factor of 14 and g.
14
Let a = 1640 - 1134. What is the greatest common factor of a and 46?
46
Let a = -564 + 581. What is the highest common factor of a and 17?
17
Let z(t) = 31*t - 4. Let s be z(4). Suppose s = 5*o - 1155. Let f = 365 - o. Calculate the greatest common factor of 22 and f.
22
Let v(o) = o**3 - 10*o**2 - 10*o + 5. Let a be (-2)/(-1 - 9/(-11)). Let f be v(a). Calculate the greatest common factor of f and 16.
16
Let f(a) = a**2 - 6*a + 5. Let p be f(8). What is the highest common divisor of p and 609?
21
Let v(c) = -c + 7. Let z be v(-5). Suppose 2*y - z = 20. What is the highest common divisor of y and 32?
16
Let n = 203 - 152. What is the highest common factor of 12 and n?
3
Suppose 3*f = f. Suppose f = 5*y - 0*y - 720. Suppose -5*q - 34 - 4 = -2*a, -2*a = 4*q - 56. What is the highest common factor of y and a?
24
Let l(p) = 5*p**2 + 5*p - 10. Let j be 1/4*-1*(9 + -21). Let f be l(j). What is the greatest common divisor of 20 and f?
10
Suppose 3*a - 151 = -19. Let d = -19 + a. What is the greatest common factor of 25 and d?
25
Suppose -4*g + 15 = -i, 30 = g - 5*i + 10*i. Let n(v) = v**3 - 5*v**2 - 6*v + 1. Let b be n(4). Let c = 64 + b. What is the greatest common divisor of c and g?
5
Let u(c) = -5*c - 4. Let p be u(-4). Let w = -186 - -250. Calculate the greatest common factor of w and p.
16
Let m be (1/(-8))/1 - (-33293)/1576. Calculate the greatest common factor of m and 483.
21
Let y = 93 + -21. Calculate the greatest common divisor of y and 414.